is divided by 2909.
312
What is the remainder when 119951 is divided by 63?
62
What is the remainder when 2810 is divided by 1386?
38
What is the remainder when 1258 is divided by 427?
404
Calculate the remainder when 33434 is divided by 5534.
230
Calculate the remainder when 6973 is divided by 996.
1
Calculate the remainder when 48684 is divided by 482.
2
What is the remainder when 3296 is divided by 1570?
156
Calculate the remainder when 17453 is divided by 4356.
29
What is the remainder when 52030 is divided by 281?
45
Calculate the remainder when 66091 is divided by 1180.
11
What is the remainder when 80324 is divided by 153?
152
What is the remainder when 31532 is divided by 15745?
42
Calculate the remainder when 40014 is divided by 11.
7
Calculate the remainder when 9336 is divided by 9225.
111
What is the remainder when 8662 is divided by 8035?
627
Calculate the remainder when 46507 is divided by 7.
6
Calculate the remainder when 83809 is divided by 23.
20
Calculate the remainder when 23672 is divided by 163.
37
Calculate the remainder when 176119 is divided by 40.
39
What is the remainder when 55459 is divided by 188?
187
Calculate the remainder when 649 is divided by 312.
25
What is the remainder when 94434 is divided by 411?
315
Calculate the remainder when 378 is divided by 348.
30
What is the remainder when 5608 is divided by 63?
1
Calculate the remainder when 17873 is divided by 6.
5
Calculate the remainder when 1111737 is divided by 928.
921
Calculate the remainder when 197024 is divided by 48.
32
Calculate the remainder when 702 is divided by 303.
96
What is the remainder when 286885 is divided by 322?
305
Calculate the remainder when 6412 is divided by 557.
285
What is the remainder when 1446 is divided by 22?
16
What is the remainder when 4446 is divided by 746?
716
Calculate the remainder when 25585 is divided by 1597.
33
What is the remainder when 23274 is divided by 11?
9
Calculate the remainder when 71115 is divided by 92.
91
What is the remainder when 30032 is divided by 1639?
530
Calculate the remainder when 64094 is divided by 25.
19
What is the remainder when 42567 is divided by 215?
212
What is the remainder when 1319 is divided by 49?
45
What is the remainder when 29670 is divided by 3703?
46
Calculate the remainder when 12029 is divided by 139.
75
Calculate the remainder when 3484 is divided by 1147.
43
What is the remainder when 12216 is divided by 12156?
60
Calculate the remainder when 4854 is divided by 203.
185
Calculate the remainder when 18447 is divided by 188.
23
What is the remainder when 463009 is divided by 11?
8
What is the remainder when 526551 is divided by 29?
27
What is the remainder when 16301 is divided by 161?
40
What is the remainder when 54505 is divided by 413?
402
Calculate the remainder when 400133 is divided by 468.
461
Calculate the remainder when 15751 is divided by 175.
1
What is the remainder when 6558 is divided by 49?
41
Calculate the remainder when 4137220 is divided by 11.
10
What is the remainder when 991 is divided by 63?
46
Calculate the remainder when 150083 is divided by 132.
131
What is the remainder when 47200 is divided by 21?
13
What is the remainder when 4533 is divided by 64?
53
Calculate the remainder when 791 is divided by 174.
95
What is the remainder when 1667 is divided by 36?
11
What is the remainder when 870765 is divided by 9?
6
Calculate the remainder when 139477 is divided by 372.
349
Calculate the remainder when 274048 is divided by 150.
148
What is the remainder when 19359 is divided by 1489?
2
What is the remainder when 1106131 is divided by 1138?
1133
Calculate the remainder when 1383 is divided by 371.
270
Calculate the remainder when 1745 is divided by 2.
1
Calculate the remainder when 8030 is divided by 18.
2
What is the remainder when 1719 is divided by 58?
37
Calculate the remainder when 51507 is divided by 202.
199
Calculate the remainder when 14231 is divided by 2369.
17
What is the remainder when 1603 is divided by 111?
49
What is the remainder when 758078 is divided by 252684?
26
Calculate the remainder when 46252 is divided by 66.
52
Calculate the remainder when 5116 is divided by 95.
81
Calculate the remainder when 5670 is divided by 258.
252
Calculate the remainder when 74290 is divided by 79.
30
Calculate the remainder when 390975 is divided by 214.
211
Calculate the remainder when 24855 is divided by 1129.
17
Calculate the remainder when 122769 is divided by 186.
9
Calculate the remainder when 32722 is divided by 134.
26
What is the remainder when 31011 is divided by 27?
15
Calculate the remainder when 37428 is divided by 98.
90
What is the remainder when 47025 is divided by 6?
3
Calculate the remainder when 4389 is divided by 4308.
81
What is the remainder when 2250 is divided by 2230?
20
What is the remainder when 5559 is divided by 1679?
522
Calculate the remainder when 21595 is divided by 10.
5
What is the remainder when 10141 is divided by 221?
196
Calculate the remainder when 538127 is divided by 269058.
11
What is the remainder when 5062 is divided by 1259?
26
Calculate the remainder when 326651 is divided by 61.
57
Calculate the remainder when 3593 is divided by 1676.
241
What is the remainder when 5315 is divided by 30?
5
Calculate the remainder when 24617 is divided by 27.
20
What is the remainder when 7488 is divided by 27?
9
Calculate the remainder when 54698 is divided by 42.
14
Calculate the remainder when 9899 is divided by 7.
1
Calculate the remainder when 84456 is divided by 12062.
22
Calculate the remainder when 314048 is divided by 3.
2
What is the remainder when 2020 is divided by 69?
19
Calculate the remainder when 1575 is divided by 721.
133
What is the remainder when 1156 is divided by 256?
132
What is the remainder when 124097 is divided by 41363?
8
What is the remainder when 4231 is divided by 278?
61
Calculate the remainder when 148989 is divided by 93.
3
Calculate the remainder when 6823 is divided by 62.
3
What is the remainder when 462 is divided by 22?
0
What is the remainder when 8926 is divided by 2230?
6
Calculate the remainder when 17530 is divided by 15.
10
What is the remainder when 1164 is divided by 232?
4
Calculate the remainder when 395115 is divided by 183.
18
What is the remainder when 7709 is divided by 77?
9
Calculate the remainder when 4486 is divided by 95.
21
Calculate the remainder when 5402 is divided by 1783.
53
What is the remainder when 19638 is divided by 108?
90
What is the remainder when 2340 is divided by 2200?
140
What is the remainder when 4668537 is divided by 17?
14
What is the remainder when 1900 is divided by 541?
277
Calculate the remainder when 4927 is divided by 58.
55
Calculate the remainder when 22317 is divided by 1014.
9
Calculate the remainder when 83485 is divided by 21.
10
Calculate the remainder when 221165 is divided by 8.
5
What is the remainder when 59460 is divided by 594?
60
What is the remainder when 154837 is divided by 4301?
1
Calculate the remainder when 1895 is divided by 72.
23
Calculate the remainder when 8284 is divided by 15.
4
Calculate the remainder when 594964 is divided by 99156.
28
Calculate the remainder when 2070 is divided by 681.
27
What is the remainder when 361551 is divided by 109?
107
What is the remainder when 4522 is divided by 650?
622
Calculate the remainder when 165626 is divided by 9733.
165
What is the remainder when 11113 is divided by 87?
64
What is the remainder when 2676 is divided by 388?
348
What is the remainder when 2864 is divided by 216?
56
What is the remainder when 95242 is divided by 117?
4
What is the remainder when 2840 is divided by 1297?
246
Calculate the remainder when 19218 is divided by 966.
864
What is the remainder when 4752 is divided by 56?
48
Calculate the remainder when 488 is divided by 41.
37
What is the remainder when 1582 is divided by 1?
0
What is the remainder when 9374 is divided by 409?
376
What is the remainder when 25187 is divided by 413?
407
What is the remainder when 500859 is divided by 5?
4
Calculate the remainder when 68171 is divided by 6182.
169
What is the remainder when 1666 is divided by 470?
256
Calculate the remainder when 183377 is divided by 469.
467
What is the remainder when 4422 is 